{"id":86,"date":"2013-07-22T07:29:36","date_gmt":"2013-07-22T05:29:36","guid":{"rendered":"http:\/\/preview.ait-themes.club\/theme\/farmworld\/?page_id=86"},"modified":"2026-02-09T21:04:02","modified_gmt":"2026-02-09T20:04:02","slug":"home-page","status":"publish","type":"page","link":"https:\/\/www.stavbyjezisek.cz\/","title":{"rendered":"Stavby Je\u017e\u00ed\u0161ek"},"content":{"rendered":"<h2 style=\"text-align: center; font-size: 60px; line-height: 70px;\"><em>Stay on a farm in the Cotswolds<\/em><\/h2>\n<p style=\"text-align: center;\">Praesent ac dapibus lorem, eu iaculis urna. Proin maximus erat volutpat neque fermentum, et ultrices erat viverra. Vestibulum scelerisque nulla eros, eu egestas libero congue a. Nam non sapien placerat, vulputate sem eget, varius purus. Nam sit amet tellus augue. Vivamus ut risus sem. Aenean ultrices diam dui, vitae lobortis nisi sagittis.<\/p>\n<p style=\"text-align: center;\"><a\n\thref=\"https:\/\/www.stavbyjezisek.cz\/contact\/\"\n\t\tid=\"ait-sc-button-1\"\n\tclass=\"ait-sc-button aligncenter  buticon-left    simple\"\n\tstyle=\"width:160px;background-color:#b0c25e; border-color:#b0c25e;\"\n>\n\t<span class=\"container\">\n\t\t<span class=\"wrap\">\n\n\t\t\t\n\t\t\t\t\t\t<span class=\"text\" style=\"text-align:center;\">\n\t\t\t\t\t\t\t\t<span class=\"title\" style=\"color:#ffffff;\">\n\t\t\t\t\tCONTACT US\t\t\t\t<\/span>\n\t\t\t\t\t\t\t\t\t\t\t<\/span>\n\t\t\t\n\t\t\t\t\t<\/span>\n\t<\/span>\n<\/a>\n<\/p>\n","protected":false},"excerpt":{"rendered":"<p>Stay on a farm in the Cotswolds Praesent ac dapibus lorem, eu iaculis urna. Proin maximus erat volutpat neque fermentum, et ultrices erat viverra. Vestibulum scelerisque nulla eros, eu egestas libero congue a. Nam non sapien placerat, vulputate sem eget, varius purus. Nam sit amet tellus augue. Vivamus ut risus sem. Aenean ultrices diam dui, [&hellip;]<\/p>\n","protected":false},"author":1,"featured_media":0,"parent":0,"menu_order":0,"comment_status":"closed","ping_status":"closed","template":"","meta":{"footnotes":""},"class_list":["post-86","page","type-page","status-publish","hentry"],"yoast_head":"<!-- This site is optimized with the Yoast SEO plugin v23.3 - https:\/\/yoast.com\/wordpress\/plugins\/seo\/ -->\n<title>Stavby Je\u017e\u00ed\u0161ek - Stavby Je\u017e\u00ed\u0161ek<\/title>\n<meta name=\"robots\" content=\"index, follow, max-snippet:-1, max-image-preview:large, max-video-preview:-1\" \/>\n<link rel=\"canonical\" href=\"https:\/\/www.stavbyjezisek.cz\/\" \/>\n<meta property=\"og:locale\" content=\"cs_CZ\" \/>\n<meta property=\"og:type\" content=\"article\" \/>\n<meta property=\"og:title\" content=\"Stavby Je\u017e\u00ed\u0161ek - Stavby Je\u017e\u00ed\u0161ek\" \/>\n<meta property=\"og:description\" content=\"Stay on a farm in the Cotswolds Praesent ac dapibus lorem, eu iaculis urna. Proin maximus erat volutpat neque fermentum, et ultrices erat viverra. Vestibulum scelerisque nulla eros, eu egestas libero congue a. Nam non sapien placerat, vulputate sem eget, varius purus. Nam sit amet tellus augue. Vivamus ut risus sem. Aenean ultrices diam dui, [&hellip;]\" \/>\n<meta property=\"og:url\" content=\"https:\/\/www.stavbyjezisek.cz\/\" \/>\n<meta property=\"og:site_name\" content=\"Stavby Je\u017e\u00ed\u0161ek\" \/>\n<meta property=\"article:modified_time\" content=\"2026-02-09T20:04:02+00:00\" \/>\n<meta property=\"og:image\" content=\"https:\/\/www.stavbyjezisek.cz\/wp-content\/uploads\/Bila-cela-1-e1718125756446.png\" \/>\n\t<meta property=\"og:image:width\" content=\"200\" \/>\n\t<meta property=\"og:image:height\" content=\"73\" \/>\n\t<meta property=\"og:image:type\" content=\"image\/png\" \/>\n<meta name=\"twitter:card\" content=\"summary_large_image\" \/>\n<script type=\"application\/ld+json\" class=\"yoast-schema-graph\">{\"@context\":\"https:\/\/schema.org\",\"@graph\":[{\"@type\":\"WebPage\",\"@id\":\"https:\/\/www.stavbyjezisek.cz\/\",\"url\":\"https:\/\/www.stavbyjezisek.cz\/\",\"name\":\"Stavby Je\u017e\u00ed\u0161ek - Stavby Je\u017e\u00ed\u0161ek\",\"isPartOf\":{\"@id\":\"https:\/\/www.stavbyjezisek.cz\/#website\"},\"datePublished\":\"2013-07-22T05:29:36+00:00\",\"dateModified\":\"2026-02-09T20:04:02+00:00\",\"breadcrumb\":{\"@id\":\"https:\/\/www.stavbyjezisek.cz\/#breadcrumb\"},\"inLanguage\":\"cs\",\"potentialAction\":[{\"@type\":\"ReadAction\",\"target\":[\"https:\/\/www.stavbyjezisek.cz\/\"]}]},{\"@type\":\"BreadcrumbList\",\"@id\":\"https:\/\/www.stavbyjezisek.cz\/#breadcrumb\",\"itemListElement\":[{\"@type\":\"ListItem\",\"position\":1,\"name\":\"Dom\u016f\",\"item\":\"https:\/\/www.stavbyjezisek.cz\/\"},{\"@type\":\"ListItem\",\"position\":2,\"name\":\"Stavby Je\u017e\u00ed\u0161ek\"}]},{\"@type\":\"WebSite\",\"@id\":\"https:\/\/www.stavbyjezisek.cz\/#website\",\"url\":\"https:\/\/www.stavbyjezisek.cz\/\",\"name\":\"Stavby Je\u017e\u00ed\u0161ek\",\"description\":\"+420 732 411 205 | info@StavbyJezisek.cz  | Po-P\u00e1: 9:00-17:00\",\"alternateName\":\"Ing. Petr Je\u017e\u00ed\u0161ek - odborn\u00edci na rekonstrukce, men\u0161\u00ed stavby a kovov\u00fdrobu s dlouholet\u00fdmi zku\u0161enostmi.\",\"potentialAction\":[{\"@type\":\"SearchAction\",\"target\":{\"@type\":\"EntryPoint\",\"urlTemplate\":\"https:\/\/www.stavbyjezisek.cz\/?s={search_term_string}\"},\"query-input\":\"required name=search_term_string\"}],\"inLanguage\":\"cs\"}]}<\/script>\n<!-- \/ Yoast SEO plugin. -->","yoast_head_json":{"title":"Stavby Je\u017e\u00ed\u0161ek - Stavby Je\u017e\u00ed\u0161ek","robots":{"index":"index","follow":"follow","max-snippet":"max-snippet:-1","max-image-preview":"max-image-preview:large","max-video-preview":"max-video-preview:-1"},"canonical":"https:\/\/www.stavbyjezisek.cz\/","og_locale":"cs_CZ","og_type":"article","og_title":"Stavby Je\u017e\u00ed\u0161ek - Stavby Je\u017e\u00ed\u0161ek","og_description":"Stay on a farm in the Cotswolds Praesent ac dapibus lorem, eu iaculis urna. Proin maximus erat volutpat neque fermentum, et ultrices erat viverra. Vestibulum scelerisque nulla eros, eu egestas libero congue a. Nam non sapien placerat, vulputate sem eget, varius purus. Nam sit amet tellus augue. Vivamus ut risus sem. Aenean ultrices diam dui, [&hellip;]","og_url":"https:\/\/www.stavbyjezisek.cz\/","og_site_name":"Stavby Je\u017e\u00ed\u0161ek","article_modified_time":"2026-02-09T20:04:02+00:00","og_image":[{"width":200,"height":73,"url":"https:\/\/www.stavbyjezisek.cz\/wp-content\/uploads\/Bila-cela-1-e1718125756446.png","type":"image\/png"}],"twitter_card":"summary_large_image","schema":{"@context":"https:\/\/schema.org","@graph":[{"@type":"WebPage","@id":"https:\/\/www.stavbyjezisek.cz\/","url":"https:\/\/www.stavbyjezisek.cz\/","name":"Stavby Je\u017e\u00ed\u0161ek - Stavby Je\u017e\u00ed\u0161ek","isPartOf":{"@id":"https:\/\/www.stavbyjezisek.cz\/#website"},"datePublished":"2013-07-22T05:29:36+00:00","dateModified":"2026-02-09T20:04:02+00:00","breadcrumb":{"@id":"https:\/\/www.stavbyjezisek.cz\/#breadcrumb"},"inLanguage":"cs","potentialAction":[{"@type":"ReadAction","target":["https:\/\/www.stavbyjezisek.cz\/"]}]},{"@type":"BreadcrumbList","@id":"https:\/\/www.stavbyjezisek.cz\/#breadcrumb","itemListElement":[{"@type":"ListItem","position":1,"name":"Dom\u016f","item":"https:\/\/www.stavbyjezisek.cz\/"},{"@type":"ListItem","position":2,"name":"Stavby Je\u017e\u00ed\u0161ek"}]},{"@type":"WebSite","@id":"https:\/\/www.stavbyjezisek.cz\/#website","url":"https:\/\/www.stavbyjezisek.cz\/","name":"Stavby Je\u017e\u00ed\u0161ek","description":"+420 732 411 205 | info@StavbyJezisek.cz  | Po-P\u00e1: 9:00-17:00","alternateName":"Ing. Petr Je\u017e\u00ed\u0161ek - odborn\u00edci na rekonstrukce, men\u0161\u00ed stavby a kovov\u00fdrobu s dlouholet\u00fdmi zku\u0161enostmi.","potentialAction":[{"@type":"SearchAction","target":{"@type":"EntryPoint","urlTemplate":"https:\/\/www.stavbyjezisek.cz\/?s={search_term_string}"},"query-input":"required name=search_term_string"}],"inLanguage":"cs"}]}},"_links":{"self":[{"href":"https:\/\/www.stavbyjezisek.cz\/index.php?rest_route=\/wp\/v2\/pages\/86","targetHints":{"allow":["GET"]}}],"collection":[{"href":"https:\/\/www.stavbyjezisek.cz\/index.php?rest_route=\/wp\/v2\/pages"}],"about":[{"href":"https:\/\/www.stavbyjezisek.cz\/index.php?rest_route=\/wp\/v2\/types\/page"}],"author":[{"embeddable":true,"href":"https:\/\/www.stavbyjezisek.cz\/index.php?rest_route=\/wp\/v2\/users\/1"}],"replies":[{"embeddable":true,"href":"https:\/\/www.stavbyjezisek.cz\/index.php?rest_route=%2Fwp%2Fv2%2Fcomments&post=86"}],"version-history":[{"count":4,"href":"https:\/\/www.stavbyjezisek.cz\/index.php?rest_route=\/wp\/v2\/pages\/86\/revisions"}],"predecessor-version":[{"id":2719,"href":"https:\/\/www.stavbyjezisek.cz\/index.php?rest_route=\/wp\/v2\/pages\/86\/revisions\/2719"}],"wp:attachment":[{"href":"https:\/\/www.stavbyjezisek.cz\/index.php?rest_route=%2Fwp%2Fv2%2Fmedia&parent=86"}],"curies":[{"name":"wp","href":"https:\/\/api.w.org\/{rel}","templated":true}]}}